u. What is the remainder when i is divided by 14 + 2*12/(-4)?
7
Suppose 0 = -u + 3*u - 552. What is the remainder when u/9 + (-2)/3 is divided by 2 - (-2)/(-4)*90/(-5)?
8
Let o = 718 + -1023. Let c = -275 - o. What is the remainder when 104 is divided by c?
14
Suppose 5*x - 1431 = -921. Calculate the remainder when x is divided by 23.
10
Let h = -5551 - -5584. What is the remainder when 819 is divided by h?
27
Suppose 4*y + u = 2868, -35*u = -37*u - 8. What is the remainder when y is divided by 57?
34
Let c be (7/(-14))/(((-5)/(-6))/5). Calculate the remainder when 536 is divided by c - (-11)/((-55)/(-260)).
46
Let c = -25758 - -29255. Calculate the remainder when c is divided by 17.
12
Suppose 2*h - 2*f = -6*f + 972, -f - 2463 = -5*h. Suppose -488*k + h*k - 28 = 0. Calculate the remainder when 31 is divided by k.
3
Let f be -90*(-8 + 6)*3. Suppose -23*w = -26*w + f. Calculate the remainder when w is divided by 26.
24
Let m = -45 + 46. Let w be 2/(3/(-6)*m/9). Let h = 93 + w. Calculate the remainder when h is divided by 12.
9
Suppose 2*f - 137 = -5*p, f + 6*p - 51 = 7*p. Let l be -2 - 45/(-2 - -5). Let x = l + 46. Calculate the remainder when f is divided by x.
27
Let q(t) = -23*t + 76*t**3 + 6 - 74*t**3 + 21 - 8 - 16*t**2. Calculate the remainder when q(10) is divided by 32.
29
Let k(q) = 7*q + 56. Let x be k(0). Suppose 31 = -3*p - x. Let v = -18 - p. Calculate the remainder when 152 is divided by v.
9
Suppose 4*n - q = -51, 0 = q - 2*q + 3. Let p = 163 - 154. Calculate the remainder when 1 + 44 - (16 + n) is divided by p.
5
What is the remainder when 8/320*16 + (-2112)/(-20) is divided by 61?
45
Let c(w) = -w**3 - 19*w**2 + 776*w - 103. Calculate the remainder when 474 is divided by c(-39).
50
Let i be 10/4 + 2*(-5)/(-20). Suppose -20 - 69 = -4*x + 3*b, -4*b - 58 = -i*x. Calculate the remainder when 258 is divided by x.
24
Let w = 4357 + -1202. Calculate the remainder when w is divided by 12.
11
Let r(v) = 4*v + 5. Let l(i) = i - 1. Let g(u) = -3*l(u) + r(u). Let d be g(-20). Calculate the remainder when (3/18 - 418/d)/1 is divided by 14.
7
Suppose n + 54 = 4*b, -2*n + 114 = -5*n - 4*b. Let y = -12 - n. Calculate the remainder when y is divided by 5/((-10)/26)*-1.
4
Let o = -7423 + 8040. Calculate the remainder when o is divided by 62.
59
Suppose 0 = -8*u - 18*u + 5514 - 4396. Calculate the remainder when u is divided by 23.
20
Suppose -55*a + 1340 + 5121 - 136 = 0. Calculate the remainder when a is divided by 30.
25
Let p(k) = -33*k - 70. Let w be p(-5). Suppose -3*x + 19 = -w. What is the remainder when 71 is divided by x?
33
Suppose 16*d - 18*d + 65 = y, 3*d = -y + 62. Let u = 30 - 14. Suppose -13*a = -11*a - u. Calculate the remainder when y is divided by a.
7
Let h = -11 + 11. Let k be h - (4/4 - 222). Let q = -157 + k. What is the remainder when q is divided by 22?
20
Suppose 10 = r - 28. Let n = 42 - r. Suppose -2 = -z + n*k, 4 = k - 1. Calculate the remainder when z is divided by 4.
2
Suppose -5*p + 5*i - 10 = -4*p, 0 = -2*p - 5*i + 40. Calculate the remainder when 1089 is divided by p.
9
Let i(c) = -c**2 - 10*c. Suppose -4*m + 8*g + 982 = 10*g, 4*m = 4*g + 1000. Let o = m + -106. What is the remainder when o is divided by i(-6)?
21
Let c(p) = -19*p - 1254. What is the remainder when c(-78) is divided by 34?
24
Let w(d) = 31*d + 2281. What is the remainder when w(-70) is divided by 11?
1
Let d = 538 - 513. Let t(h) = h**3 - 22*h**2 - 73*h - 8. What is the remainder when 165 is divided by t(d)?
39
Let g = 1886 - 1684. Suppose z - 21 = -2*q + 49, 0 = 2*z. What is the remainder when g is divided by q?
27
Let y(i) = -126*i - 5262. What is the remainder when y(-56) is divided by 22?
12
Let c(w) = w**2 + 54*w + 722. Suppose -6*r - k - 1 = -4*r, -5*k = -4*r + 33. What is the remainder when ((-14)/4)/(r/(-12)) is divided by c(-31)?
3
Calculate the remainder when 648 is divided by (223 - 7) + (5 + 5 - 2).
200
Let w = 8306 - 7937. Calculate the remainder when 372 is divided by w.
3
Let j(q) = -34*q - 66. Let v(k) = 17*k + 32. Let h(m) = -2*j(m) - 5*v(m). Let y be h(-8). Suppose 9*d = 162 + y. What is the remainder when 88 is divided by d?
28
Let a(g) = -g**2 + 15*g + 4. Let z(p) = 9*p**2 + 3 + 8*p**2 - 4*p**2 - 4 - 3*p. Let f be z(-1). What is the remainder when 5 is divided by a(f)?
1
Let u(j) = 2*j**2 - 4*j - 10. Let y(l) = 3*l**2 - 9*l - 19. Let k(t) = 5*u(t) - 2*y(t). What is the remainder when k(-2) is divided by 6?
2
Suppose -3*x - 2*q = 28 - 198, 0 = -2*q + 2. Calculate the remainder when 1119 is divided by x.
55
Let h be (-2 - -10)/(1/1). Let z = -2029 - -2260. Calculate the remainder when -2*z/6*h/(-8) is divided by 20.
17
Let k = 254 - 251. Suppose -70 = -j - k*m, 145 = 4*j + 3*m - 135. What is the remainder when j is divided by 12?
10
Let r = -4330 + 7495. What is the remainder when r is divided by 11?
8
Suppose -4*v + 11*i = 6*i - 1402, i - 355 = -v. What is the remainder when v is divided by 46?
31
Suppose -149*p - 82*p + 91580 = -91141. What is the remainder when p is divided by 102?
77
What is the remainder when 67 is divided by -5*16/(-112)*35?
17
Let i = 23 - 7. Calculate the remainder when i is divided by 10/(-5) - (-19 - -6).
5
Suppose -15*t + 17 = -14*t. Suppose t*l = 18*l - 87. Calculate the remainder when l is divided by (2/5)/((-58)/(-4350)).
27
Let o(u) = -3*u**2 - 3*u. Let c be o(3). Let d = 34 + c. What is the remainder when (4/3)/(d/(-60)) is divided by 14?
12
Let i(w) = -w**3 - 10*w + 18. Let k be i(3). What is the remainder when 124 is divided by 4*k*4/(-24)?
20
Suppose -5*a + 1350 = -65*u + 70*u, 2*a - 2*u - 536 = 0. What is the remainder when 287 is divided by a?
18
Suppose -4*h = 5*f - 219, -f + 48 = -9*h + 14*h. Suppose 5*b = 311 + 134. Calculate the remainder when f is divided by 4/(-32) + b/8.
10
Let o = 18792 + -18449. What is the remainder when 1127 is divided by o?
98
Suppose 2*m - 32 = 3*l + 32, 5*m + l = 126. Let b = -529 - -680. Calculate the remainder when b is divided by m.
21
Let v = -103276 + 103352. Suppose 0*x + 32 = 2*b + 4*x, b = 2*x + 24. Calculate the remainder when v is divided by b.
16
Let s = 144 + -91. Calculate the remainder when s is divided by ((10336/(-144))/(-34))/((-13)/(-117)).
15
Let y(c) = 48*c - 469. What is the remainder when 2250 is divided by y(12)?
3
Let p(h) be the first derivative of -h**4/4 - 2*h**3 - 3*h**2 + 24*h - 890. Let m = 6 - 11. Calculate the remainder when p(m) is divided by 23.
6
Let l = 12931 - 12824. Calculate the remainder when 136 is divided by l.
29
Let h = -3598 + 3606. Let s(b) = 3*b. What is the remainder when s(5) is divided by h?
7
Let o = -918 + 923. Suppose t + o*z + 40 = 36, 110 = 5*t - z. What is the remainder when 29 is divided by t?
8
Suppose 3*p - 50 - 109 = 0. Let n = 150 + -162. Let s = p - n. Calculate the remainder when s is divided by 17.
14
Let b(a) = a**2 + 39*a + 28. Let d be b(-26). Let r = -277 - d. Calculate the remainder when r is divided by 2.
1
Suppose 1981 = 48*x + 13. Calculate the remainder when 1209 is divided by x.
20
Let u(l) = -46*l + 951. What is the remainder when 612 is divided by u(17)?
105
Suppose -5*h - 37 = -2*b, 4*b = b + 5*h + 53. Suppose 4*u = 0, -12*q + 4*u = -b*q + 268. Calculate the remainder when 329 is divided by q.
61
Suppose 4*p + 3*j - 5 = 0, p - 35 = -p + 5*j. What is the remainder when ((-11)/p)/((-29)/2465) is divided by 48?
43
Let w = -7 + 29. What is the remainder when (((-3720)/9)/(-5))/((-52)/(-39)) is divided by w?
18
Let x = 218 + -138. Suppose 0 = -4*l + 3*a + 2*a + 69, a = 3*l - 60. What is the remainder when x is divided by l?
17
Let h be (-1)/2*((-120)/8 - -9). Calculate the remainder when ((-159)/6)/(h + 28/(-8)) is divided by ((-19)/4)/((-6)/24).
15
Suppose k = -n + 175, n - 2*k = -0*k + 160. Suppose -3*l + 187 = -n. What is the remainder when l is divided by 60?
59
Let x(z) = -2*z**3 - 87*z**2 - 30*z + 39. Let l be x(-43). Let p = l + 597. Calculate the remainder when p is divided by 11.
0
Let w = -40 - -46. What is the remainder when ((-64)/48)/((-2)/117) is divided by (16/w)/(42/315)?
18
Let a(u) = 3*u + 17. Let t be a(0). Suppose 0 = -d + t + 136. Let v = -82 + d. What is the remainder when v is divided by 19?
14
Suppose 29*q = 26*q + 39. Suppose 3*l + q*l = 240. What is the remaind